{"id":6997,"date":"2025-05-17T13:30:49","date_gmt":"2025-05-17T11:30:49","guid":{"rendered":"https:\/\/abeb.fr\/?page_id=6997"},"modified":"2025-09-19T17:50:07","modified_gmt":"2025-09-19T15:50:07","slug":"presentation-du-bureau","status":"publish","type":"page","link":"https:\/\/abeb.fr\/?page_id=6997","title":{"rendered":"Pr\u00e9sentation du bureau"},"content":{"rendered":"\t\t<div data-elementor-type=\"wp-page\" data-elementor-id=\"6997\" class=\"elementor elementor-6997\">\n\t\t\t\t<div class=\"elementor-element elementor-element-0d85247 e-flex e-con-boxed e-con e-parent\" data-id=\"0d85247\" data-element_type=\"container\" data-e-type=\"container\">\n\t\t\t\t\t<div class=\"e-con-inner\">\n\t\t\t\t<div class=\"elementor-element elementor-element-92e157d elementor-widget__width-inherit elementor-widget-mobile__width-inherit elementor-widget elementor-widget-wpzoom-elementor-addons-image-box\" data-id=\"92e157d\" data-element_type=\"widget\" data-e-type=\"widget\" data-widget_type=\"wpzoom-elementor-addons-image-box.default\">\n\t\t\t\t<div class=\"elementor-widget-container\">\n\t\t\t\t\t\t\t<div class=\"wpzoom-elementor-addons-image-box\">\n\t\t\t<h3>\n\t\t\t\t<span class=\"wpzoom-elementor-addons-image-box-link not-linked has-image\" style=\"background-image:url('https:\/\/abeb.fr\/wp-content\/uploads\/2025\/05\/IMG_7280-1-scaled.jpeg');\"><span><\/span><\/span>\t\t\t<\/h3>\n\t\t<\/div><!-- \/\/.wpzoom-elementor-addons-image-box -->\n\t\t\t\t\t\t<\/div>\n\t\t\t\t<\/div>\n\t\t\t\t<div class=\"elementor-element elementor-element-5de70c6 elementor-widget elementor-widget-text-editor\" data-id=\"5de70c6\" data-element_type=\"widget\" data-e-type=\"widget\" data-widget_type=\"text-editor.default\">\n\t\t\t\t<div class=\"elementor-widget-container\">\n\t\t\t\t\t\t\t\t\t<p style=\"margin-bottom: 1.5em; color: #444444; font-family: Inter, sans-serif;\">Le bureau de l\u2019ABEB administre l\u2019association quotidiennement. Il propose des projets au Conseil d\u2019Administration, il organise les \u00e9v\u00e9nements, g\u00e8re les services pour les \u00e9tudiants.<\/p><ul style=\"margin-bottom: 1.5em; color: #444444; font-family: Inter, sans-serif;\"><li style=\"text-align: justify;\"><span style=\"font-weight: bold;\">La pr\u00e9sidence<\/span><\/li><\/ul><p style=\"margin-bottom: 1.5em; color: #444444; font-family: Inter, sans-serif;\">La pr\u00e9sidence est assur\u00e9e par\u00a0<b>L\u00e9a Allet<\/b>, Pr\u00e9sidente et\u00a0<span style=\"font-weight: bold;\">Mathilde Kerisit<\/span>, Vice Pr\u00e9sidente G\u00e9n\u00e9rale. La pr\u00e9sidence coordonne les membres du bureau et les activit\u00e9s et repr\u00e9sente l\u2019association au sein de la Facult\u00e9.<\/p><ul style=\"margin-bottom: 1.5em; color: #444444; font-family: Inter, sans-serif;\"><li><span style=\"font-weight: bold;\">P\u00f4le administratif<\/span><\/li><\/ul><p style=\"margin-bottom: 1.5em; color: #444444; font-family: Inter, sans-serif;\">Ce p\u00f4le regroupe les postes de secr\u00e9taire, tr\u00e9sorerie, pr\u00e9sidence.<\/p><p style=\"margin-bottom: 1.5em; color: #444444; font-family: Inter, sans-serif;\">Le poste de Secr\u00e9taire\u00a0assure le lien avec les membres de l\u2019association (registre des adh\u00e9rents, convocations aux Conseils d\u2019Administration ou aux Assembl\u00e9es G\u00e9n\u00e9rales), r\u00e9dige les proc\u00e8s verbaux et g\u00e8re les documents administratifs.<\/p><p style=\"margin-bottom: 1.5em; color: #444444; font-family: Inter, sans-serif;\">La tr\u00e9sorerie est assur\u00e9e par\u00a0<span style=\"font-weight: bold;\">Enora Dubosq<\/span>. Il assure la gestion financi\u00e8re de l\u2019association, tient \u00e0 jour la comptabilit\u00e9, le registre des d\u00e9penses et recettes, et pr\u00e9sente le bilan financier de l\u2019association lors de l\u2019AG.<\/p><p style=\"margin-bottom: 1.5em; color: #444444; font-family: Inter, sans-serif;\">La repr\u00e9sentation de l\u2019association aupr\u00e8s des autres associations, en conseil administratif ou autre est effectu\u00e9e par la pr\u00e9sidence.<\/p><ul style=\"margin-bottom: 1.5em; color: #444444; font-family: Inter, sans-serif;\"><li><span style=\"font-weight: bold;\">P\u00f4le animation\u00a0<\/span><\/li><\/ul><p style=\"margin-bottom: 1.5em; color: #444444; font-family: Inter, sans-serif;\">Le p\u00f4le animation est assur\u00e9 par\u00a0<span style=\"font-weight: bold;\">Lou-Ambre Gadenne\u00a0<\/span>. Elle organise des \u00e9v\u00e9nements au sein de la fac (journ\u00e9es cr\u00eapes \u2026) ou en dehors (soir\u00e9es \u2026).<\/p><ul style=\"margin-bottom: 1.5em; color: #444444; font-family: Inter, sans-serif;\"><li><span style=\"font-weight: bold;\">P\u00f4le Animation culturel<\/span><\/li><\/ul><p style=\"margin-bottom: 1.5em; color: #444444; font-family: Inter, sans-serif;\">L\u2019animation culturelle organise des conf\u00e9rences et des \u00e9v\u00e9nements culturels.<\/p><ul style=\"margin-bottom: 1.5em; color: #444444; font-family: Inter, sans-serif;\"><li><span style=\"font-weight: bold;\">P\u00f4le communication<\/span><\/li><\/ul><p style=\"margin-bottom: 1.5em; color: #444444; font-family: Inter, sans-serif;\"><b>H\u00e9loise Dorol<\/b> g\u00e8re les comptes Instagram, Facebook et Linkedin de l\u2019association. Ils communiquent les infos concernant les \u00e9v\u00e9nements de l\u2019association et du r\u00e9seau.<\/p><p style=\"margin-bottom: 1.5em; color: #444444; font-family: Inter, sans-serif;\">Le site web est g\u00e9r\u00e9 par l\u2019administration, il met \u00e0 jour les \u00e9v\u00e9nements, publie des articles scientifiques et s\u2019occupe du site web.<\/p><ul style=\"margin-bottom: 1.5em; color: #444444; font-family: Inter, sans-serif;\"><li><span style=\"font-weight: bold;\">P\u00f4le logistique<\/span><\/li><\/ul><p style=\"margin-bottom: 1.5em; color: #444444; font-family: Inter, sans-serif;\">La logistique s\u2019occupe de l\u2019organisation du pr\u00eat de mat\u00e9riel, de l\u2019impression des annales et du d\u00e9marchage de produits tel que les pulls.<\/p><ul style=\"margin-bottom: 1.5em; color: #444444; font-family: Inter, sans-serif;\"><li><span style=\"font-weight: bold;\">P\u00f4le transition \u00e9cologique<\/span><\/li><\/ul><p style=\"margin-bottom: 1.5em; color: #444444; font-family: Inter, sans-serif;\">Ce p\u00f4le consiste \u00e0 communiquer et proposer des solutions pour repenser notre fa\u00e7on de consommer, penser, produire\u2026<\/p>\t\t\t\t\t\t\t\t<\/div>\n\t\t\t\t<\/div>\n\t\t\t\t\t<\/div>\n\t\t\t\t<\/div>\n\t\t\t\t<\/div>\n\t\t","protected":false},"excerpt":{"rendered":"<p>Le bureau de l\u2019ABEB administre l\u2019association quotidiennement. Il propose des projets au Conseil d\u2019Administration, il organise les \u00e9v\u00e9nements, g\u00e8re les services pour les \u00e9tudiants. La pr\u00e9sidence La pr\u00e9sidence est assur\u00e9e par\u00a0L\u00e9a Allet, Pr\u00e9sidente et\u00a0Mathilde Kerisit, Vice Pr\u00e9sidente G\u00e9n\u00e9rale. La pr\u00e9sidence coordonne les membres du bureau et les activit\u00e9s et repr\u00e9sente l\u2019association au sein de la &hellip; <\/p>\n<p class=\"link-more\"><a href=\"https:\/\/abeb.fr\/?page_id=6997\" class=\"more-link\">Lire la suite de<span class=\"screen-reader-text\">\u00ab\u00a0Pr\u00e9sentation du bureau\u00a0\u00bb<\/span><\/a><\/p>\n","protected":false},"author":1,"featured_media":0,"parent":0,"menu_order":0,"comment_status":"closed","ping_status":"closed","template":"","meta":{"inspiro_hide_title":false,"footnotes":""},"class_list":["post-6997","page","type-page","status-publish","hentry"],"featured_media_urls":[],"_links":{"self":[{"href":"https:\/\/abeb.fr\/index.php?rest_route=\/wp\/v2\/pages\/6997","targetHints":{"allow":["GET"]}}],"collection":[{"href":"https:\/\/abeb.fr\/index.php?rest_route=\/wp\/v2\/pages"}],"about":[{"href":"https:\/\/abeb.fr\/index.php?rest_route=\/wp\/v2\/types\/page"}],"author":[{"embeddable":true,"href":"https:\/\/abeb.fr\/index.php?rest_route=\/wp\/v2\/users\/1"}],"replies":[{"embeddable":true,"href":"https:\/\/abeb.fr\/index.php?rest_route=%2Fwp%2Fv2%2Fcomments&post=6997"}],"version-history":[{"count":22,"href":"https:\/\/abeb.fr\/index.php?rest_route=\/wp\/v2\/pages\/6997\/revisions"}],"predecessor-version":[{"id":7213,"href":"https:\/\/abeb.fr\/index.php?rest_route=\/wp\/v2\/pages\/6997\/revisions\/7213"}],"wp:attachment":[{"href":"https:\/\/abeb.fr\/index.php?rest_route=%2Fwp%2Fv2%2Fmedia&parent=6997"}],"curies":[{"name":"wp","href":"https:\/\/api.w.org\/{rel}","templated":true}]}}