{"id":7008,"date":"2025-05-17T15:50:11","date_gmt":"2025-05-17T13:50:11","guid":{"rendered":"https:\/\/abeb.fr\/?page_id=7008"},"modified":"2025-12-02T20:42:28","modified_gmt":"2025-12-02T19:42:28","slug":"lassociation","status":"publish","type":"page","link":"https:\/\/abeb.fr\/?page_id=7008","title":{"rendered":"L&rsquo;association"},"content":{"rendered":"\n<p><\/p>\n\n\n\n<p><\/p>\n\n\n\n<h3 class=\"wp-block-heading\">L\u2019ABEB, qu\u2019est-ce que c\u2019est ? Et \u00e0 quoi elle sert ?<\/h3>\n\n\n\n<h1 class=\"wp-block-heading\">Cr\u00e9ation :<\/h1>\n\n\n\n<p>L\u2019Association Brestoise des Etudiant.e.s en Biologie est une association de loi 1901 fond\u00e9e en mai 2014 par un groupe d\u2019\u00e9tudiants en biologie de l\u2019UBO, \u00e0 Brest.<\/p>\n\n\n\n<h1 class=\"wp-block-heading\">Objectifs et activit\u00e9s :<\/h1>\n\n\n\n<p>Elle a pour but\u00a0<strong>d\u2019accompagner les \u00e9tudiant.e.s en biologie<\/strong>\u00a0de l\u2019UFR Sciences, tant dans\u00a0<strong>leurs \u00e9tudes<\/strong>\u00a0(en vendant par exemple des trousses \u00e0 dissection,en permettant l&#8217;emprunt de mat\u00e9riel, en organisant des conf\u00e9rences ou la semaine de l\u2019orientation) que dans\u00a0<strong>leur vie quotidienne<\/strong>\u00a0(soir\u00e9es de coh\u00e9sion, journ\u00e9es cr\u00eapes).<\/p>\n\n\n\n<p>De fa\u00e7on plus g\u00e9n\u00e9rale, elle informe les \u00e9tudiant.e.s sur la vie associative,&nbsp;<strong>d\u00e9fend leurs droits et leurs int\u00e9r\u00eats vis-\u00e0-vis des instances universitaires<\/strong>, du CROUS, ou d\u2019autres structures ayant trait \u00e0 la vie \u00e9tudiante, aux c\u00f4t\u00e9s de la F\u00e9d\u00e9 B.<\/p>\n\n\n\n<h1 class=\"wp-block-heading\">Organisation :<\/h1>\n\n\n\n<p>Elle est constitu\u00e9e tout d\u2019abord de ses membres, qui payent une cotisation pour l\u2019ann\u00e9e universitaire.<\/p>\n\n\n\n<p>Les activit\u00e9s sont propos\u00e9es par le bureau, compos\u00e9 de membres de l\u2019association \u00e9lus lors de l\u2019Assembl\u00e9e G\u00e9n\u00e9rale Ordinaire :<\/p>\n\n\n\n<ul class=\"wp-block-list\">\n<li>Un.e Pr\u00e9sident.e<\/li>\n\n\n\n<li>Un.e Secr\u00e9taire<\/li>\n\n\n\n<li>Un.e Tr\u00e9sorier.e<\/li>\n\n\n\n<li>Des Vices-Pr\u00e9sidents et des Charg\u00e9s de Mission<\/li>\n<\/ul>\n\n\n\n<p>Le bureau fait&nbsp;voter les projets, les budgets, les \u00e9v\u00e9nements au Conseil d\u2019Administration (dont les membres sont \u00e9galement \u00e9lus lors de l\u2019Assembl\u00e9e G\u00e9n\u00e9rale Ordinaire).<\/p>\n\n\n\n<h1 class=\"wp-block-heading\">R\u00e9seau :<\/h1>\n\n\n\n<div class=\"wp-block-columns is-layout-flex wp-container-core-columns-is-layout-28f84493 wp-block-columns-is-layout-flex\">\n<div class=\"wp-block-column is-layout-flow wp-block-column-is-layout-flow\" style=\"flex-basis:33.33%\">\n<figure class=\"wp-block-image aligncenter size-large is-resized\"><img fetchpriority=\"high\" decoding=\"async\" width=\"1024\" height=\"1024\" src=\"https:\/\/abeb.fr\/wp-content\/uploads\/2025\/05\/FedeB_2017-4-1024x1024.png\" alt=\"\" class=\"wp-image-7013\" style=\"width:135px;height:auto\" srcset=\"https:\/\/abeb.fr\/wp-content\/uploads\/2025\/05\/FedeB_2017-4-1024x1024.png 1024w, https:\/\/abeb.fr\/wp-content\/uploads\/2025\/05\/FedeB_2017-4-300x300.png 300w, https:\/\/abeb.fr\/wp-content\/uploads\/2025\/05\/FedeB_2017-4-150x150.png 150w, https:\/\/abeb.fr\/wp-content\/uploads\/2025\/05\/FedeB_2017-4.png 1700w\" sizes=\"(max-width: 1024px) 100vw, 1024px\" \/><\/figure>\n<\/div>\n\n\n\n<div class=\"wp-block-column is-layout-flow wp-block-column-is-layout-flow\" style=\"flex-basis:66.66%\">\n<p>L\u2019ABEB fait partie du r\u00e9seau de la&nbsp;<a href=\"http:\/\/fedeb.net\" target=\"_blank\" rel=\"noreferrer noopener\">F\u00e9d\u00e9 B<\/a>, la F\u00e9d\u00e9ration des associations \u00e9tudiantes de Bretagne occidentale, qui propose de nombreuses animations tout au long de l\u2019ann\u00e9e, comme les P\u00e9tarades, et qui d\u00e9fendent les \u00e9tudiant.e.s aux diff\u00e9rents conseils de l\u2019UBO.<\/p>\n<\/div>\n<\/div>\n\n\n\n<div class=\"wp-block-columns is-layout-flex wp-container-core-columns-is-layout-28f84493 wp-block-columns-is-layout-flex\">\n<div class=\"wp-block-column is-layout-flow wp-block-column-is-layout-flow\" style=\"flex-basis:33.33%\">\n<figure class=\"wp-block-image aligncenter size-full is-resized\"><img decoding=\"async\" width=\"300\" height=\"300\" src=\"https:\/\/abeb.fr\/wp-content\/uploads\/2025\/05\/AFNEUS.png\" alt=\"\" class=\"wp-image-7014\" style=\"width:190px;height:auto\" srcset=\"https:\/\/abeb.fr\/wp-content\/uploads\/2025\/05\/AFNEUS.png 300w, https:\/\/abeb.fr\/wp-content\/uploads\/2025\/05\/AFNEUS-150x150.png 150w\" sizes=\"(max-width: 300px) 100vw, 300px\" \/><\/figure>\n<\/div>\n\n\n\n<div class=\"wp-block-column is-layout-flow wp-block-column-is-layout-flow\" style=\"flex-basis:66.66%\">\n<p><\/p>\n\n\n\n<p>L\u2019ABEB est \u00e9galement membre de l\u2019<a href=\"http:\/\/afneus.org\" target=\"_blank\" rel=\"noreferrer noopener\">AFNEUS<\/a>&nbsp;, l\u2019Association F\u00e9d\u00e9rative Nationale des Etudiant.e.s Universitaires Scientifiques.<\/p>\n<\/div>\n<\/div>\n\n\n\n<div class=\"wp-block-columns is-layout-flex wp-container-core-columns-is-layout-28f84493 wp-block-columns-is-layout-flex\">\n<div class=\"wp-block-column is-layout-flow wp-block-column-is-layout-flow\" style=\"flex-basis:33.33%\">\n<figure class=\"wp-block-image aligncenter size-full is-resized\"><img decoding=\"async\" width=\"1024\" height=\"599\" src=\"https:\/\/abeb.fr\/wp-content\/uploads\/2025\/05\/FAGE.png\" alt=\"\" class=\"wp-image-7015\" style=\"width:320px;height:auto\" srcset=\"https:\/\/abeb.fr\/wp-content\/uploads\/2025\/05\/FAGE.png 1024w, https:\/\/abeb.fr\/wp-content\/uploads\/2025\/05\/FAGE-300x175.png 300w\" sizes=\"(max-width: 1024px) 100vw, 1024px\" \/><\/figure>\n<\/div>\n\n\n\n<div class=\"wp-block-column is-layout-flow wp-block-column-is-layout-flow\" style=\"flex-basis:66.66%\">\n<p><\/p>\n\n\n\n<p>Enfin, au travers de la F\u00e9d\u00e9 B et de l\u2019AFNEUS, l\u2019ABEB est aussi li\u00e9e \u00e0 la&nbsp;<a href=\"http:\/\/Fage.org\" target=\"_blank\" rel=\"noreferrer noopener\">FAGE<\/a>, la F\u00e9d\u00e9ration des Associations G\u00e9n\u00e9rales Etudiantes.<\/p>\n<\/div>\n<\/div>\n\n\n\n<p>&nbsp; &nbsp; &nbsp; &nbsp; &nbsp; &nbsp; &nbsp; &nbsp; &nbsp; &nbsp; &nbsp; <\/p>\n\n\n\n<p><\/p>\n","protected":false},"excerpt":{"rendered":"<p>L\u2019ABEB, qu\u2019est-ce que c\u2019est ? Et \u00e0 quoi elle sert ? Cr\u00e9ation : L\u2019Association Brestoise des Etudiant.e.s en Biologie est une association de loi 1901 fond\u00e9e en mai 2014 par un groupe d\u2019\u00e9tudiants en biologie de l\u2019UBO, \u00e0 Brest. Objectifs et activit\u00e9s : Elle a pour but\u00a0d\u2019accompagner les \u00e9tudiant.e.s en biologie\u00a0de l\u2019UFR Sciences, tant dans\u00a0leurs &hellip; <\/p>\n<p class=\"link-more\"><a href=\"https:\/\/abeb.fr\/?page_id=7008\" class=\"more-link\">Lire la suite de<span class=\"screen-reader-text\">\u00ab\u00a0L&rsquo;association\u00a0\u00bb<\/span><\/a><\/p>\n","protected":false},"author":1,"featured_media":0,"parent":0,"menu_order":0,"comment_status":"closed","ping_status":"closed","template":"","meta":{"inspiro_hide_title":false,"footnotes":""},"class_list":["post-7008","page","type-page","status-publish","hentry"],"featured_media_urls":[],"_links":{"self":[{"href":"https:\/\/abeb.fr\/index.php?rest_route=\/wp\/v2\/pages\/7008","targetHints":{"allow":["GET"]}}],"collection":[{"href":"https:\/\/abeb.fr\/index.php?rest_route=\/wp\/v2\/pages"}],"about":[{"href":"https:\/\/abeb.fr\/index.php?rest_route=\/wp\/v2\/types\/page"}],"author":[{"embeddable":true,"href":"https:\/\/abeb.fr\/index.php?rest_route=\/wp\/v2\/users\/1"}],"replies":[{"embeddable":true,"href":"https:\/\/abeb.fr\/index.php?rest_route=%2Fwp%2Fv2%2Fcomments&post=7008"}],"version-history":[{"count":8,"href":"https:\/\/abeb.fr\/index.php?rest_route=\/wp\/v2\/pages\/7008\/revisions"}],"predecessor-version":[{"id":7339,"href":"https:\/\/abeb.fr\/index.php?rest_route=\/wp\/v2\/pages\/7008\/revisions\/7339"}],"wp:attachment":[{"href":"https:\/\/abeb.fr\/index.php?rest_route=%2Fwp%2Fv2%2Fmedia&parent=7008"}],"curies":[{"name":"wp","href":"https:\/\/api.w.org\/{rel}","templated":true}]}}